culate the remainder when r is divided by v(3).
18
Suppose -4 = 2*q - 3*q, -4*q = -5*f + 24. Suppose 2*n + 28 = 3*n. Calculate the remainder when n is divided by f.
4
Let t(d) = 16*d**2 + 28*d + 30. What is the remainder when t(-1) is divided by 6?
0
Suppose 5*b + h = 40, -3*b - 4*h + 5 + 2 = 0. What is the remainder when 184 is divided by 1*b/3 - -14*1?
14
Let i be 2570/(-18) - (-8)/(-36). Let k = -61 - i. What is the remainder when k is divided by 28?
26
Calculate the remainder when ((-2064)/(-72))/((-1)/(-3)) is divided by 29.
28
Let x be -2*6/(-1 - 0/3). Suppose -14*y + x*y = -170. What is the remainder when y is divided by 30?
25
Let g = 114 + -64. Suppose c = 59 - 37. Suppose 49 + 325 = c*q. What is the remainder when g is divided by q?
16
Let y be (12/(2 - 1))/2. Suppose 2*p = y*p + 12. Calculate the remainder when 14 is divided by (-2 + p)*(-64)/40.
6
Suppose a + 3 = d, 9*d - 5*d + 2*a = 12. Suppose -d*i + 20 = 2*i, -4*i = v - 178. Calculate the remainder when v is divided by 33.
30
What is the remainder when (85/30 - 3)*134*-3 is divided by 10?
7
Let a = -462 - -469. What is the remainder when 25 is divided by a?
4
Suppose -4*q + 233 = 7*u - 2*u, -4*u + 188 = 4*q. What is the remainder when 4/18 + 665/u is divided by 2?
1
Let k = 33 + 43. Suppose 0 = -3*z + k + 146. What is the remainder when z is divided by 19?
17
Suppose -491 = 11*h + 224. Let i = h - -67. Calculate the remainder when 6 is divided by i.
0
Let t = -1626 - -2153. What is the remainder when t is divided by 28?
23
Suppose 92 = 3*k + 2*f, -11 = 2*k + 2*f - 71. Let p = k + -21. Suppose 5*l = -4*m + 202, 92 = 2*l - 33*m + 29*m. Calculate the remainder when l is divided by p.
9
What is the remainder when (0 - 1)/(6/(-750)) is divided by 16?
13
Suppose g - 41 = 5*r + 246, -g + 2*r = -278. Calculate the remainder when g is divided by 129.
14
Suppose 10*q - 242 = -12*q. Calculate the remainder when 40 is divided by q.
7
Suppose 0 = 26*o - 27*o + 85. Calculate the remainder when o is divided by 34.
17
Let v = -617 - -653. What is the remainder when 257 is divided by v?
5
Let h be (-11 - -55) + 1 + 0. Let c(z) = 13*z**2 - 2*z - 1. Let i be c(3). Suppose 5*f = h + i. What is the remainder when f is divided by 17?
14
Suppose 0 = -4*p - 0 + 4. What is the remainder when ((-189)/162)/(1*(-1)/6) is divided by p?
0
Let s = 727 - 709. What is the remainder when 54 is divided by s?
0
Let m(r) = -r + 4. Let t be m(4). Suppose t = -7*k + 4*k + 15. Suppose -26 = -2*f + x, 64 = k*f + 5*x + 14. What is the remainder when 21 is divided by f?
9
Let q = -391 - -448. Calculate the remainder when 222 is divided by q.
51
Let z(i) = -8*i - 2. Suppose -4*x = -612 - 100. Suppose -o + x = o. What is the remainder when o is divided by z(-4)?
29
Suppose -5*v - 20 = 5*g + 35, -4*g = -v + 4. What is the remainder when v/(-108)*-3 - (-922)/18 is divided by 11?
7
Let o be -46*(-4 + 3 - (-2)/4). Let l = o - 20. Let d(z) = -z + 13. Calculate the remainder when d(7) is divided by l.
0
What is the remainder when 378 is divided by 1694/84 - (-3)/(-18)?
18
Let k be ((-4)/(-6))/(8/156). Let z = k + 0. Calculate the remainder when 50 is divided by z.
11
Let l(i) = i**2 - 9*i - 111. Calculate the remainder when 182 is divided by l(-9).
29
Suppose 3*q - 41 = 43. Suppose -2*x + 339 = 3*a, -300 = -4*a - 4*x + 156. What is the remainder when a is divided by q?
27
Suppose 0 = -2*r - 0 + 2, -3*p - 52 = -r. Let k = p + 20. What is the remainder when 6 is divided by k?
0
Let w be (-4)/14 - (-48)/21. Suppose w*x - 32 = -6*x. Calculate the remainder when 11 is divided by x.
3
Let c(d) = 21*d**2 - 6*d - 6. What is the remainder when c(-2) is divided by 22 - -1 - (1 + -1)?
21
Let m = 2382 + -2346. What is the remainder when 137 is divided by m?
29
Let s(z) = -2*z**2 - 50*z - 112. What is the remainder when s(-21) is divided by 18?
2
Suppose 0 = -5*n + d + 150, -5*n + 50 = -3*d - 90. Let q = n + -15. Calculate the remainder when q is divided by 9.
7
Let u(m) = 2*m**2 - 35*m + 50. What is the remainder when 160 is divided by u(17)?
28
Calculate the remainder when 368 is divided by 291/((-9)/(-3)) - (-80)/(-40).
83
Suppose q = -2 + 7, -5*m - 4*q = -505. Calculate the remainder when m is divided by 25.
22
Let z = -1055 + 1087. Let m be (-19)/(-1 - 0) - 2. Suppose -4*k + 51 = -m. Calculate the remainder when z is divided by k.
15
Suppose -3*a = -38 - 34. Let j(b) = -b + 4. Let v(i) = -i + 1. Let r(t) = -j(t) + 3*v(t). What is the remainder when a is divided by r(-7)?
11
Suppose -68*a + 884 + 9878 - 2534 = 0. Suppose 0 = i - 2*c - 33, -3*i + 154 = 2*i + c. Calculate the remainder when a is divided by i.
28
Let f = -1429 - -1458. Let b = -3 - -2. What is the remainder when f is divided by ((-6)/7)/(b/7)?
5
Let u = -275 + 298. What is the remainder when 64 is divided by u?
18
Let x be 4 + -1 + 1 + 1. Suppose 4*w - 16 = -4*t, -15 + 3 = -x*w - t. Let s(g) = 8*g**2 + 4*g - 3. Calculate the remainder when s(w) is divided by 10.
7
Suppose 62*x - 58*x = 196. Calculate the remainder when 136 is divided by x.
38
Let t(i) = -i + 3. Suppose 5*c + 22 + 13 = n, -2*n - 34 = 3*c. Calculate the remainder when 38 is divided by t(c).
5
Let v(f) = 10*f + 232. What is the remainder when 169 is divided by v(-20)?
9
Suppose 0 = 3*m + 4*i - 712, -4*m - m = 4*i - 1200. What is the remainder when m is divided by 49?
48
Suppose -28 = -4*y + 96. Calculate the remainder when y is divided by 3.
1
Suppose 228 = -1807*o + 1813*o. Calculate the remainder when 107 is divided by o.
31
Suppose 0*a + 36 = -2*a. Let f = -11 - a. Calculate the remainder when -3*(-4 + (4 - 4)) is divided by f.
5
What is the remainder when 60*((8 - 3) + -3) is divided by 42?
36
Suppose 17*r - 1263 = -175. Calculate the remainder when r is divided by 22.
20
Let t = 37 - 35. Suppose 67 = t*r + 31. What is the remainder when 87 is divided by r?
15
Suppose -4*x = 0, -l + 40 = 6*x - x. Let w = -28 + l. What is the remainder when 33 is divided by w?
9
Suppose z + 0 - 4 = 0. Let b = z + 1. Suppose -9 = -3*r, -4*h - b*r = -r - 80. Calculate the remainder when h is divided by 5.
2
Let l = -117 + 295. What is the remainder when l is divided by 45?
43
Let v(c) = -3*c + 16. Suppose 3*i = 3*i + 2*i. What is the remainder when v(i) is divided by 6?
4
What is the remainder when 17 is divided by (-66)/(-10) + (1 - 6/10)?
3
Calculate the remainder when (-3)/6*(4 - 206) is divided by 51.
50
Suppose -2*k - 5*a + 37 = 0, 16*k + 3*a = 21*k - 77. What is the remainder when 50 is divided by k?
2
Let p(v) = -v**3 - 18*v**2 - 15*v + 41. What is the remainder when 62 is divided by p(-17)?
6
What is the remainder when 5 + 65 + 3/((-15)/5) is divided by 42?
27
Let q be (-3 - -1) + -45 - -1. Let f(i) = i**3 + 5*i**2 - 5*i + 4. What is the remainder when f(-5) is divided by q/(-3) - (-4)/6?
13
Suppose -12*u + 14*u = 6. Let o be u + 3/3 - 8. What is the remainder when (-146)/o + 33/(-22) is divided by 12?
11
Suppose -4*z = 4*s + 360, s + 37 + 44 = -4*z. Let v = -25 - s. Calculate the remainder when v is divided by 14.
12
Let n(c) = -6*c**3 - 11*c**2 - c + 11*c**2. Let d = -1 - 0. Calculate the remainder when 18 is divided by n(d).
4
Let j = -77 + 85. Calculate the remainder when 62 is divided by j.
6
Suppose 0 = 50*w - 37*w - 858. What is the remainder when 209 is divided by w?
11
Let x be (-4)/(-12) - 136/(-6). Suppose 139 - 553 = -23*m. Let l = x - m. Calculate the remainder when 15 is divided by l.
0
Let i = -34 + 12. Let z = i + 28. Suppose 0 = -0*s + z*s - 54. Calculate the remainder when 24 is divided by s.
6
Let j = -12 - 68. Calculate the remainder when 41 is divided by (8/6)/((j/(-36))/10).
5
Let z(r) = 17*r**2. Let o(h) = -h**3 + 3*h**2 - 3*h + 8. Let q be o(3). What is the remainder when z(q) is divided by 9?
8
Let r(d) = -d**2. Let l be r(-2). Let y(b) = -b**3 - 2*b**2 + 3*b - 1. Let m be y(l). Let o = 50 - m. Calculate the remainder when o is divided by 8.
7
Suppose f = -5*p + 152, -4*p = 5*f - 811 + 30. Calculate the remainder when f is divided by 40.
37
Let i(v) = -v**3 - 17*v**2 + 13*v - 71. What is the remainder when 35 is divided by i(-18)?
16
Let q(w) = 5*w + 11 + 8 - 6*w - 7. Let l be q(9). Suppose 0 = -5*r + 93 - l. Calculate the remainder when r is divided by 7.
4
Suppose -2*h = i + 46, -55 = -